
What is (-7 + 0 - 1) + (9 - -1) + -11?
-9
Calculate 572 - 541 - (18 - -1).
12
What is 12 - (4 - -3) - (-17 + 42) - 1?
-21
Calculate 14 - (-7 + 38) - -24.
7
13 - (44 - (-11 + 26 + -5))
-21
Evaluate 9 + -2 + 7 + -9 + 9.
14
Evaluate 7 - (5 - (-5 - -6)).
3
Calculate (-16 - -6) + -1 - (3 + (4 - 1)).
-17
What is 14 + -18 + 4 + 9?
9
4 + 8 + -7 + 2 + 3 + 1
11
1 + -16 + (-22 - -16)
-21
What is the value of 19 - 1 - (14 + (16 - 21))?
9
What is 1 - (16 + 0) - (233 + -238)?
-10
(20 - 38) + 0 + 20
2
What is the value of -22 - 1 - (-10 + -13 + 8 + 21)?
-29
What is -11 - (-1 + (14 - 29))?
5
Calculate -7 + -1 + (-2 + -2 - -12).
0
Evaluate -2 - (9 - -5) - -15.
-1
Calculate -1 - (-45 + 12 + 19).
13
What is (0 - 7) + 1 + -2 - (-260 - -253)?
-1
What is the value of (-21 - (-46 - -33)) + 15?
7
-10 - ((9 - 9) + 4)
-14
-6 + 15 + -23 + (-3 - -12)
-5
What is 47 + (-21 - (22 + 3))?
1
Evaluate -11 + (0 + 16 - 16).
-11
What is -1 - -1 - (35 - (9 - -28))?
2
Calculate 6 + -35 + 9 - -35.
15
Calculate -19 - ((3 - ((-1 - 3) + 3)) + -10).
-13
What is the value of -7 + -7 + (57 - 7 - 15)?
21
-4 - -2 - (-41 + (-8 - -38))
9
What is the value of 2 - ((-143 - -130) + -1 + 15)?
1
(0 + -3 - 0 - 2 - 7) + -3
-15
What is the value of -22 + 18 + (14 - 0 - 4)?
6
Evaluate -1 - (-6 + -4 + 11) - 4.
-6
(-64 - (-22 - 2)) + 48
8
What is (-5 - 5 - -6) + (28 - 29)?
-5
11 - 21 - -4 - -9
3
Calculate -37 + 10 + (12 - (-6 - -12)).
-21
What is (4 - (2 - 20)) + -6?
16
Calculate -9 + 0 + (8 - 11) + 10.
-2
What is -1 + 1 + (13 + -16 - 3) + -1?
-7
Calculate 22 + 0 + 21 + -7 + -8 + -15.
13
Calculate -10 - (-2 - (22 - 4)).
10
What is -18 - 13 - (-11 + -24)?
4
Calculate -42 - -29 - (-11 + -4).
2
Evaluate (7 - 10) + -9 + 10 + -7.
-9
What is 0 + (-12 + 5 + 0 - -1 - 4)?
-10
What is 7 + -16 + (-4 - 2) - (-5 - -4)?
-14
-7 + 8 - (-33 - -39)
-5
What is 1 - (-3 + -3) - (8 - 0)?
-1
What is -15 + 21 - (-7 + -1 + 29)?
-15
What is the value of 3 + 0 - (14 - 30)?
19
-22 + 10 - -5 - (-3 - 0) - 5
-9
What is (-1 + 1 - (5 + -18)) + (196 - 202)?
7
0 - (-7 + (-5 - -8 - -4) + -9)
9
-6 + 24 + 2 + 0
20
Calculate 5 + 0 + -13 - (-3 + 0).
-5
What is the value of 12 + -23 - (-36 - -13)?
12
What is the value of 8 + 11 + -32 - (1 - 7)?
-7
What is 12 + -3 + (25 - 8 - 10)?
16
(2 - (1 + 0) - (-208 + 214)) + 2
-3
What is the value of (1 - 5) + 2 + 1 + -3?
-4
What is the value of -1 + 1 - (4 + (11 - 11) + -15)?
11
Evaluate 10 + 0 - (-39 + 47 + -17).
19
Calculate -4 + ((-3 - 4) + 6 - (7 + -1)).
-11
What is 9 + 2 - (13 + (4 - 12))?
6
13 - 15 - 10 - -6
-6
Evaluate -89 + 77 + (0 - -9).
-3
-13 - 1 - (5 + 1 + -1 + -11)
-8
Calculate -17 - (-22 - (-28 + 19)).
-4
Evaluate -1 + 1 - (25 - (35 - 20)).
-10
What is the value of (12 - 28) + 19 - (-2 + 15)?
-10
Evaluate -3 + 11 + -687 + 652.
-27
Calculate 1 + (-1 + 5 - (7 + (12 - 0))).
-14
What is -12 + -8 + 21 + -5?
-4
What is (6 - 4) + (-13 - 4) + 5?
-10
What is 49 + -11 + (60 - 93)?
5
23 - 27 - (21 + -17 + -1 + 3)
-10
What is the value of (-14 - 1) + 24 + -10?
-1
-9 - 2 - (0 - 10) - -6 - 9
-4
Calculate -1 + (0 + 11 - 35).
-25
What is 10 - 8 - (1 - (5 + -3))?
3
(-10 - 2) + (18 - 20)
-14
What is (15 + 8 - 16) + 6 + 2?
15
Calculate -14 + -13 + 23 + 23.
19
What is (6 - -7 - 1) + -9?
3
What is -23 + 12 + -5 + (-3 - -3) - -6?
-10
What is 39 + -57 + 3 + 21?
6
What is the value of -12 - (1 + 10 + (-38 - 5 - -44))?
-24
2 - 3 - (-205 - -202)
2
What is (-6 - 0) + -1 + 231 + -234?
-10
Evaluate -23 - 0 - (-4 - 2 - (-60 + 57)).
-20
Calculate (-19 - -16) + 54 + -30.
21
What is 8 + (8 + -12 - 6) - (1 + 10)?
-13
1 + (4 - (15 + -7)) + 1 + -8
-10
Calculate -11 + (9 - 5) + (24 - -10).
27
What is -32 + -25 + 38 - -17?
-2
Evaluate 13 - ((-56 - -43) + 12).
14
-6 + 0 - (-6 - (-6 - 8))
-14
What is 4 + (0 - (-28 - -46))?
-14
What is the value of (-22 - -4) + (10 - 1)?
-9
What is 14 + -43 - -34 - -3?
8
What is (17 - -2) + -1 - ((3 - 30) + 28)?
17
Evaluate 1 + -3 + 1 - (-9 + 5 + -8).
11
Calculate 3 - (9 - 1) - (-15 + 3) - 12.
-5
Calculate 6 + -4 + -3 + (3 - -16 - 2).
16
Calculate -47 + 53 + 11 - 23.
-6
12 - (24 + -11 + -1)
0
-1 - 8 - (14 - (-1 - (-11 + 7)))
-20
Calculate (0 - -4) + (49 - 56) + -6 + 9.
0
7 - 10 - (21 - 14)
-10
Evaluate (-16 - -32) + 9 + -14.
11
What is the value of 23 + (-7 - 2) + -20?
-6
19 + (2 - (-1 - (-24 - -13)))
11
(8 - 16) + (4 - (-2 + 6))
-8
-31 + 26 - (-1 - 1)
-3
What is (-5 - ((6 - 13) + 6)) + (13 - 32)?
-23
Calculate -1 - 8 - (-20 + 12) - -17.
16
Evaluate 31 - (5 + 7 + -5 + -17 + 14).
27
Calculate (29 - 47) + 1 + 53 + -2.
34
What is -9 + (-14 + 19 - -9)?
5
Calculate (-183 + 127 - ((-2 - 2) + -2)) + 12.
-38
(1 - 9) + -6 + 21 + -7 + 11
11
-8 - -4 - (-28 + 20 - 8)
12
What is 29 - -2 - 0 - 43?
-12
Evaluate 3 - -1 - -3 - (-103 - -105).
5
What is 33 + -3 - (25 - -9)?
-4
What is -17 - -9 - (-16 - -19)?
-11
What is (13 - ((-3 - -9) + -1)) + 2?
10
What is the value of 34 + -7 + (28 - 31)?
24
Evaluate (26 - 10 - (11 - -17)) + 14.
2
Evaluate 20 + (2 - -1) - (34 + -14 + -26).
29
Calculate -21 - (-23 + -4) - 2.
4
What is -2 - (-7 + (-5 - -9) - 5) - 16?
-10
What is (-16 - -10) + 19 + -10?
3
Calculate 0 - (11 - (8 + (12 - 12))).
-3
What is (36 - 46) + (2 - -3) - -8?
3
1 - -20 - (-41 + 81 + -32)
13
What is the value of 0 + 1 - ((-15 - -11) + 0 - -5)?
0
-15 + (0 - (-2 - -3)) + (-5 - 1)
-22
(-21 - -8) + 12 + -11
-12
Calculate (9 - 18) + (4 - 3).
-8
What is -14 + -9 + 4 + 12 + (18 - 10)?
1
Calculate 27 + -1 + -1 + 79 + -77 + -6.
21
Evaluate 15 - 17 - (0 + 6 + 28).
-36
Calculate 6 - (3 + 0 + -7 + -2).
12
What is -13 - (-6 - (-6 + 6 - 4))?
-11
(-2 - -9 - (-11 - -8)) + (-1 - 5)
4
Evaluate 1 - (-56 - -69 - (1 + 25)).
14
30 + -31 + 18 + -3 + 15
29
-62 + (83 - (23 - -19))
-21
Calculate -23 - -67 - 26 - (2 + 0) - -5.
21
Calculate 8 + (44 + -53 - (1 + -3 + -16)).
17
Calculate 11 + 11 + -16 - 18.
-12
-2 + 3 + (6 - -2)
9
Evaluate 5 - (1 - (-1 - 7)) - -8.
4
What is 17 - 7 - (49 - 20) - (5 - -1)?
-25
What is the value of -29 - (-84 - -33 - -27)?
-5
What is the value of (15 + -34 - -10) + (0 - -4)?
-5
-13 + 4 + (-13 - (-4 - (12 + -8)))
-14
Calculate (20 - 1 - 39) + -2.
-22
Evaluate (13 - (18 + -11)) + -6.
0
What is (5 - -2) + -36 + 17?
-12
What is -9 + -2 - (1 - (4 - -2)) - 8?
-14
15 + (15 - 20) - (34 + 3 + -6)
-21
Calculate -13 - (-30 - (-51 - -18)).
-16
What is (13 - 2) + (-199 - -194)?
6
Calculate (1 + -6 - 2) + -3.
-10
37 + -6 + (-12 - -10) + -7
22
What is the value of (9 - 2) + -122 + 127?
12
Calculate -18 + (-6 - -14) - (-2 + 1 + -5).
-4
What is -38 + 4 + 11 + 10 + -3?
-16
What is the value of 0 + -8 + 876 + -888?
-20
Evaluate 1 + (-19 - -9) + 3.
-6
What is the value of -14 + 4 - ((-11 - 13) + 7)?
7
Evaluate -1 - ((7 + -9 - 6) + (8 - 0)).
-1
Calculate -8 - -2 - (86 + -83) - 7.
-16
Calculate 13 + (-33 - (-1 - (2 - 10))).
-27
Evaluate (-1 - (6 - 1 - 8)) + 6.
8
Evaluate -3 - (-4 + 8 + 4 - (27 + 1)).
17
What is -1 + (-3 - -5) - -3 - (1 - 4)?
7
What is the value of -9 + 2 - (-14 - 7)?
14
Calculate 7 - (1 + -1 - -4 - (-3 + 6)).
6
What is the value of (5 - 20 - -18) + -6?
-3
Calculate -4 + -15 + (15 - 6).
-10
-74 + 62 - (12 - 4)
-20
Calculate (-5 + (-10 - -9) - 12) + 6.
-12
Evaluate 3 - (22 - (-18 - -17)).
-20
Calculate -8 - (13 + (-5 - -2)).
-18
Evaluate (-3 - (51 - 33)) + 17.
-4
What is -6 + (20 - 9) + 1 + 1?
7
What is the value of 22 + -10 + (-6 - (-1 - -1)) + 5?
11
Evaluate -1 + -19 + -734 + 751.
-3
4 + -4 + (0 - (-6 - (-3 - -3)))
6
Evaluate (-8 - (17 - 8)) + 33.
16
What is the value of (-1 - (1 + -1 + -4)) + (12 - 10)?
5
What is the value of 7 - 1 - (12 + 11 + -3)?
-14
Calculate 1 + (-8 - -2) + 8 + -9 + -4.
-10
Calculate (16 - -4) + -23 + 2 + -1.
-2
Evaluate -68 - (-81 - (38 + -81)).
-30
What is the value of -13 - -14 - -3 - 2?
2
What is the value of 10 + 6 + 11 + -12 + -33?
-18
What is the value of (-17 + 20 - (-3 + 0)) + 1?
7
Evaluate -7 - 6 - (33 + -62).
16
Calculate 18 + (9 - (-6 + 4)) + -7 + -10.
12
Evaluate 15 - (6 - 7) - (-48 + 45).
19
Evaluate -1 + 20 + 4 + -3 + 11 + -12.
19
-8 - ((-7 - (-10 + 1)) + -5)
-5
Evaluate 2 - (7 + -12) - 5 - 6.
-4
(1 - -2) + (82 - 86) - 0
-1
Evaluate (2 - -2) + (1 - (-8 + 10)) + 5.
8
0 + (-1 - 2) + 12 + -5
4
What is (1 - ((11 - 0) + -3)) + 4?
-3
What is 8 - -14 - 15 - 2?
5
Calculate -3 - (-6 + 6) - 2 - (-3 + -1).
-1
Evaluate -5 + (3 - (-1 + 1)) + (-80 - -86).
4
Evaluate 1 - (-6 + (16 - 6) + 